 factors of 1024651?
19, 199, 271
List the prime factors of 4462.
2, 23, 97
List the prime factors of 250122.
2, 3, 41687
What are the prime factors of 1513?
17, 89
List the prime factors of 143463.
3, 17, 29, 97
What are the prime factors of 244860?
2, 3, 5, 7, 11, 53
What are the prime factors of 196444?
2, 67, 733
What are the prime factors of 245648?
2, 13, 1181
What are the prime factors of 3641992?
2, 241, 1889
What are the prime factors of 9419251?
211, 44641
List the prime factors of 206855.
5, 11, 3761
What are the prime factors of 3727290?
2, 3, 5, 7, 17749
What are the prime factors of 160246?
2, 19, 4217
List the prime factors of 6670950.
2, 3, 5, 11, 13, 311
What are the prime factors of 4346298?
2, 3, 11, 271
What are the prime factors of 1151925?
3, 5, 15359
What are the prime factors of 1851232?
2, 17, 41, 83
What are the prime factors of 240202?
2, 83, 1447
List the prime factors of 2336487.
3, 19, 179, 229
List the prime factors of 10918802.
2, 5459401
List the prime factors of 3125067.
3, 11, 8609
What are the prime factors of 1050656?
2, 32833
List the prime factors of 13359130.
2, 5, 67, 127, 157
List the prime factors of 1099913.
331, 3323
What are the prime factors of 1586365?
5, 11, 28843
What are the prime factors of 11925962?
2, 389, 15329
List the prime factors of 352550.
2, 5, 11, 641
What are the prime factors of 9628?
2, 29, 83
What are the prime factors of 161022?
2, 3, 47, 571
What are the prime factors of 4543455?
3, 5, 7, 43271
List the prime factors of 96392.
2, 12049
List the prime factors of 432012.
2, 3, 7, 37, 139
List the prime factors of 29617.
7, 4231
What are the prime factors of 586026?
2, 3, 7, 4651
List the prime factors of 258883.
29, 79, 113
List the prime factors of 198922.
2, 79, 1259
What are the prime factors of 1169070?
2, 3, 5, 7, 19, 293
What are the prime factors of 15417137?
31, 211, 2357
List the prime factors of 741.
3, 13, 19
What are the prime factors of 1384284?
2, 3, 11, 10487
What are the prime factors of 11560815?
3, 5, 7, 107
List the prime factors of 222569.
131, 1699
List the prime factors of 1483293.
3, 7, 23, 37, 83
What are the prime factors of 7418779?
7418779
What are the prime factors of 400498?
2, 7, 28607
What are the prime factors of 139317?
3, 46439
What are the prime factors of 10009474?
2, 53, 89, 1061
What are the prime factors of 222910?
2, 5, 22291
List the prime factors of 144720.
2, 3, 5, 67
List the prime factors of 11143961.
73, 152657
What are the prime factors of 1615518?
2, 3, 29917
List the prime factors of 6997304.
2, 43, 20341
What are the prime factors of 717199?
7, 29, 3533
List the prime factors of 86602.
2, 19, 43, 53
List the prime factors of 294576.
2, 3, 17, 19
List the prime factors of 185786.
2, 92893
What are the prime factors of 1758171?
3, 586057
What are the prime factors of 22121387?
22121387
List the prime factors of 1496950.
2, 5, 7, 13, 47
What are the prime factors of 929408?
2, 53, 137
List the prime factors of 28445.
5, 5689
List the prime factors of 164411.
13, 12647
List the prime factors of 52513.
17, 3089
What are the prime factors of 1554574?
2, 7, 29, 547
What are the prime factors of 10232092?
2, 13, 196771
What are the prime factors of 59328?
2, 3, 103
List the prime factors of 287926.
2, 19, 7577
List the prime factors of 434647.
434647
What are the prime factors of 1413148?
2, 11, 32117
List the prime factors of 6891624.
2, 3, 95717
What are the prime factors of 392410?
2, 5, 39241
What are the prime factors of 1480042?
2, 740021
List the prime factors of 268107.
3, 7, 17, 751
List the prime factors of 178739.
11, 16249
What are the prime factors of 4691426?
2, 2345713
What are the prime factors of 4262514?
2, 3, 59, 12041
List the prime factors of 165665.
5, 17, 1949
What are the prime factors of 8839363?
13, 679951
What are the prime factors of 1006656?
2, 3, 7, 107
List the prime factors of 3943367.
3943367
What are the prime factors of 131603?
101, 1303
What are the prime factors of 21928106?
2, 10964053
List the prime factors of 97709.
199, 491
List the prime factors of 2408589.
3, 37, 2411
List the prime factors of 993236.
2, 248309
List the prime factors of 1386228.
2, 3, 331, 349
What are the prime factors of 72060?
2, 3, 5, 1201
List the prime factors of 1554296.
2, 37, 59, 89
List the prime factors of 11997224.
2, 349, 4297
List the prime factors of 3695054.
2, 11, 53, 3169
What are the prime factors of 1669002?
2, 3, 43, 6469
List the prime factors of 6569960.
2, 5, 164249
List the prime factors of 124283.
37, 3359
What are the prime factors of 429755?
5, 23, 37, 101
List the prime factors of 8142429.
3, 31, 87553
What are the prime factors of 4190813?
11, 380983
List the prime factors of 2802959.
2802959
List the prime factors of 6248783.
401, 15583
List the prime factors of 2875.
5, 23
What are the prime factors of 26093876?
2, 41, 107, 1487
List the prime factors of 261248.
2, 13, 157
What are the prime factors of 1284740?
2, 5, 64237
What are the prime factors of 1555800?
2, 3, 5, 2593
List the prime factors of 76193.
13, 5861
What are the prime factors of 121377?
3, 40459
What are the prime factors of 226348?
2, 71, 797
List the prime factors of 326644.
2, 127, 643
List the prime factors of 11982152.
2, 7, 13, 109, 151
List the prime factors of 4230399.
3, 17, 109, 761
What are the prime factors of 545318?
2, 272659
List the prime factors of 7928784.
2, 3, 55061
List the prime factors of 884886.
2, 3, 147481
List the prime factors of 962727.
3, 17, 43, 439
What are the prime factors of 299651?
11, 27241
What are the prime factors of 27626?
2, 19, 727
List the prime factors of 103568.
2, 6473
List the prime factors of 7069875.
3, 5, 17, 1109
What are the prime factors of 502642?
2, 7, 23, 223
List the prime factors of 2756842.
2, 11, 125311
What are the prime factors of 6054831?
3, 24917
What are the prime factors of 2261549?
2261549
List the prime factors of 669176.
2, 233, 359
List the prime factors of 17562797.
7, 2508971
List the prime factors of 25076807.
7, 3582401
What are the prime factors of 648916?
2, 162229
List the prime factors of 1972609.
29, 251, 271
List the prime factors of 3753622.
2, 937, 2003
What are the prime factors of 5883116?
2, 149, 9871
What are the prime factors of 1331481?
3, 31, 103, 139
What are the prime factors of 312937?
312937
What are the prime factors of 3062764?
2, 53, 14447
What are the prime factors of 2927008?
2, 7, 73, 179
List the prime factors of 14186605.
5, 601, 4721
What are the prime factors of 5390090?
2, 5, 539009
List the prime factors of 878164.
2, 7, 79, 397
List the prime factors of 5253184.
2, 79, 1039
List the prime factors of 545013.
3, 7, 41, 211
List the prime factors of 351901.
11, 31991
List the prime factors of 178498.
2, 31, 2879
What are the prime factors of 2693185?
5, 11, 23, 2129
List the prime factors of 9183922.
2, 11, 417451
What are the prime factors of 15893596?
2, 269, 14771
What are the prime factors of 123944?
2, 15493
What are the prime factors of 30323065?
5, 151, 40163
What are the prime factors of 87053?
263, 331
List the prime factors of 3524975.
5, 19, 41, 181
List the prime factors of 1798257.
3, 599419
What are the prime factors of 2591696?
2, 43, 3767
List the prime factors of 463462.
2, 37, 6263
List the prime factors of 662461.
773, 857
List the prime factors of 78215.
5, 15643
List the prime factors of 1155948.
2, 3, 96329
List the prime factors of 117052.
2, 13, 2251
List the prime factors of 20682552.
2, 3, 11, 157, 499
List the prime factors of 25336928.
2, 353, 2243
List the prime factors of 4755038.
2, 131, 18149
What are the prime factors of 247204?
2, 23, 2687
What are the prime factors of 765132?
2, 3, 63761
List the prime factors of 616298.
2, 308149
What are the prime factors of 12810717?
3, 17573
List the prime factors of 146423.
146423
List the prime factors of 197864.
2, 24733
What are the prime factors of 503862?
2, 3, 79, 1063
List the prime factors of 15535477.
367, 42331
What are the prime factors of 8781051?
3, 379, 7723
List the prime factors of 125631.
3, 11, 47
List the prime factors of 1200437.
7, 171491
List the prime factors of 27672821.
11, 17, 1223
What are the prime factors of 616230?
2, 3, 